 = -2*f**3 + 5*f**2 - 3*f + 1. What is a(l)?
-59
Let z(n) be the first derivative of -7*n - 1/4*n**4 + 40 - 4/3*n**3 + n**2. Determine z(-5).
8
Let t(i) = -i**2 - i - 16. Suppose -18 = -p + 3*f, 0*p - 2 = 3*p + 5*f. Suppose -16 = p*n - 16. Determine t(n).
-16
Let u(x) = -x**3 - 4*x**2 + 2*x + 2. Suppose -3*l + 8 = -73. Let q be 2/(2/(-3)*l/117). Let c = q - -8. Calculate u(c).
17
Let j(i) be the second derivative of -i**5/20 - i**4/4 + i**3/3 - 2*i**2 + 3*i. Let g(p) = -p**2 - 2*p - 30. Let y be g(6). Let n = y - -74. Give j(n).
4
Let r(g) = 3*g - 6*g - 171247 + 171220. Calculate r(3).
-36
Let n(z) = 6*z**3 + 2*z - 1. Suppose 3*f + 8 - 23 = 0, 3*s + 4*f = 164. Suppose -17*j - s = -j. Let p(b) = b**2 + 7*b + 13. Let v be p(j). Determine n(v).
7
Let o(x) be the second derivative of -x**6/120 + x**5/12 - x**4/8 - x**3/2 - x**2/2 - 17*x - 2. Let g(c) be the first derivative of o(c). Determine g(3).
6
Let i = -4247 + 4249. Let p(h) = -3*h**2 - h + 6. What is p(i)?
-8
Let g(k) = -k**3 - 4*k**2 + 3*k - 7. Let a = -54 - -23. Let l(v) = v**2 - v - 4. Let j be l(6). Let t = j + a. Determine g(t).
3
Let l(a) = 5*a**2 - 37*a - 10. Let s = -69 - -80. Let y(j) = -j**2 + 7*j + 2. Let x(p) = s*y(p) + 2*l(p). Calculate x(2).
4
Let o(i) be the first derivative of 2*i**3/3 + 9*i**2/2 - i + 789. What is o(-4)?
-5
Let g(d) = -13*d**3 + 10*d + 23*d**2 + 29 + 17*d + 18*d. Let t(h) = 3*h**3 - 6*h**2 - 11*h - 7. Let f(m) = -2*g(m) - 9*t(m). Determine f(9).
5
Let x(f) = -5*f**2 + 5*f + 11. Suppose 11*t - 6*t + 15 = 4*c, 5*t = -3*c - 50. Determine x(c).
-139
Let w be (-6 - (-12 + 11)) + 4. Let x(d) = 4*d**3 - 4*d**2 + 3. Let o(m) = 4*m**3 - 5*m**2 + 4. Let y(s) = -2*o(s) + 3*x(s). Determine y(w).
-5
Let a(p) be the third derivative of -17*p**4/12 + 33*p**3 - 1739*p**2 + 2. What is a(6)?
-6
Suppose w = -3*p + 3 + 7, 3*w + 2*p = 16. Suppose -w*i - g = 22, 3*i + 36 = -2*i + 3*g. Let a(b) = b**3 + 5*b**2 - 7*b + 11. Determine a(i).
17
Let n(c) = -c**2 - 24*c. Let p(k) = 2*k**2 + 138*k - 12. Let v(z) = -5*n(z) - p(z). Calculate v(7).
33
Let o(t) be the third derivative of -1/60*t**5 - 1/4*t**4 + 0 - t**3 + 22*t**2 - t. What is o(-6)?
-6
Let r(i) = 7*i**2 + 1. Suppose -2*w - 4*j - 16 = 0, -3*j = -4*w + j + 28. Let l(m) = -w*m - 3*m**2 - m**2 + 3 - 1 + 3*m**2. Let s be l(-3). Give r(s).
8
Let w(z) be the third derivative of 0*z**5 + 0*z**3 + 0*z - 1/720*z**6 + 0 + 14*z**2 + 1/3*z**4. Let l(j) be the second derivative of w(j). Calculate l(-6).
6
Suppose 3*c - 5*l = -24, 36 = 3*c - 2*l + 7*l. Let n(i) = i**2 - 7*i + 11. What is n(c)?
1
Let r(z) = 116*z - 74. Let p(i) = -40*i + 31. Let a(w) = -11*p(w) - 4*r(w). What is a(-2)?
3
Let d(u) = 12*u + 7. Suppose -38*m - 632 = 120*m. Determine d(m).
-41
Let z(y) = -8*y**2 + 23*y - 169. Let v(q) = 14*q**2 - 32*q + 282. Let x(u) = 7*v(u) + 12*z(u). Give x(-26).
-54
Let h(a) = -a**2 - 3*a + 25. Let j be (-4)/(-12) - (-31)/(-93). Determine h(j).
25
Suppose 105*o = 100*o - 5*h + 20, -o + h - 12 = 0. Let u(x) = 3*x**2 + 5*x - 13. What is u(o)?
15
Let t(l) = -3*l**3 - 17*l**2 - 7*l - 3. Suppose -2*h - 64*x - 16 = -66*x, 0 = 2*h + 2*x + 4. Determine t(h).
-18
Let o(r) = -r**2. Let u = 7 - 8. Let w be o(u). Let q(a) be the third derivative of a**5/4 + a**4/24 - 37*a**2. What is q(w)?
14
Suppose 15 = 5*f + 4*i, 0*f + 3*i - 18 = 3*f. Let j(a) be the second derivative of -7*a**4/12 - a**3/2 - a**2/2 + 2205*a. Calculate j(f).
-5
Let x(b) = -2*b**3 + 85*b**2 - 45*b + 129. Let o be x(42). Let q(y) = -2*y**3 - y**2 + y + 3. Give q(o).
-57
Let q be (-2)/((2 - 48/27)/1). Let g(j) = 3 + 22*j**3 + 4*j + 17*j**3 - 13*j + 7*j**2 - 38*j**3 + j**2. Determine g(q).
3
Let d(b) = b - 4. Let y(l) = -11*l**2 - 6*l + 37. Let v(z) = -9*d(z) - y(z). Calculate v(-2).
49
Let b(w) = 46 + 15 - 10602*w - 10589*w + 21181*w. Determine b(8).
-19
Let s = -22 - -23. Let f be ((-2)/s + 5)/1. Let i(w) = -4 + w**f + 6*w - 2*w**2 - 3*w + 0*w**2 - 2*w**2. Determine i(4).
8
Let w(b) = -b**2. Let y be (-6)/(-4)*((-3 - -19) + 2). Let t be (y/18)/(3/4). Let h be (8/12)/(t/(-3)) + 2. Calculate w(h).
-1
Let l = 353 - 342. Let r(x) = 5 - 3 - x - l*x**2 - 3 + 3. Calculate r(-2).
-40
Let x(o) be the third derivative of -o**4/24 - 13*o**3/3 + o**2 + 848*o. Calculate x(-14).
-12
Suppose 2*n - 6*n = 3*d + 17, 0 = -d + 3*n - 10. Let w(u) = -4*u**2 + 3*u + 34. Let s(y) = -3*y**2 + 3*y + 23. Let q(x) = d*s(x) + 5*w(x). Give q(5).
4
Let w be ((-108)/30)/(21/(-10))*49/14. Let l(d) = -5*d**2 + 0*d + 2*d + 7 + 0*d + d**3 - 8*d. Give l(w).
7
Let z(i) = i - 2. Suppose 19*b - 10 = 18*b. Suppose b*f = 21*f - 22. Calculate z(f).
0
Let r = 1112 - 1112. Let p(y) be the second derivative of -1/6*y**3 + 0 + r*y**2 + 25*y. Determine p(-6).
6
Let n be -5 - (-1 + 0) - 2*-7. Let t be n/(-20) - (-3)/2. Let g(c) be the first derivative of -7*c**2/2 + 6. Determine g(t).
-7
Let y be ((-6)/15)/(220/7150). Let c(t) = t**3 + 12*t**2 - 16*t - 4. What is c(y)?
35
Let c be ((196/(-35))/7)/(2/375). Let z = -159 - c. Let t(d) = -d**2 - 9*d + 5. Calculate t(z).
5
Let i be -1 - (-1 - 3/2)*(-588)/(-210). Let c(h) = -h**3 + 7*h**2 - 6*h + 2. What is c(i)?
2
Let s(t) be the third derivative of 0*t + 280*t**2 + 0 + 17/3*t**3 + 1/12*t**4. Calculate s(-14).
6
Let j(x) be the first derivative of -2*x**3 - x - 95 - x**2 - 1/4*x**4. Give j(-6).
11
Let m(q) = 2*q**2 - 4*q + 2. Let l(r) = -r - 3. Let s be l(-5). Let i = -138 - -138. Let z be s + -3 + (5 - i). What is m(z)?
18
Let s(j) = 3*j - 7. Let c(d) = -d. Suppose 0 = b - 4 + 3. Let r(t) = b*s(t) + 4*c(t). Let v be (5/(-10)*0)/1. Determine r(v).
-7
Let x(a) be the second derivative of a**4/4 - a**3/2 + 3*a**2/2 + a. Suppose 0 = -3*d + 3*j - 6093, 52*d + 2*j = 47*d - 10169. Let v = -2031 - d. What is x(v)?
9
Let f(q) = 3*q. Let x(j) be the third derivative of j**6/120 + 4*j**5/15 - j**4/24 - 17*j**3/6 - j**2. Let h = 2070 - 2086. Let g be x(h). Calculate f(g).
-3
Suppose -664*h - 55 = -675*h. Let l(u) = u**2 - 3*u - 1. Give l(h).
9
Let r(s) be the third derivative of -s**4/12 - 5*s**3/3 + 27*s**2. Let a be r(-6). Let i be (-5)/((a - 1)*(7 + -6)). Let w(h) = -h - 7. Determine w(i).
-2
Let g(z) be the second derivative of 7*z**3/3 - 5*z**2 - 36*z + 2. Let l(c) = 13*c - 8. Let h(o) = -5*g(o) + 6*l(o). Calculate h(-1).
-6
Let m be (-7*(-2)/84 - 0) + 5 + -5. Let n(q) be the third derivative of 0 - 1/4*q**4 + 0*q + m*q**3 + 18*q**2. Calculate n(2).
-11
Let z(x) be the first derivative of x**3/3 - 3*x**2/2 + 32*x - 737. What is z(0)?
32
Let l(p) = -6*p**3 - p**2 + p + 1. Let i(x) = 35*x**3 + 12*x**2 - 4*x - 8. Let h(o) = i(o) + 6*l(o). What is h(7)?
-37
Let r(i) = 15*i - 11. Let a be (-143)/22 + 40/16. Give r(a).
-71
Suppose 0 = -3*i - 5*f - 10, 40 = -i + 5*i - 4*f. Let l(j) be the first derivative of -j**4/4 + 7*j**3/3 - 5*j**2/2 + 6*j + 89492. Determine l(i).
31
Suppose 2 = -i - 0*i. Let g(q) be the first derivative of q**4 + 2*q**3/3 + q**2/2 - 2*q - 2804. Calculate g(i).
-28
Let r(a) = 42*a**2 - 17*a + 11. Let t(x) = 25*x**2 - 7*x + 6. Let q(z) = -3*r(z) + 5*t(z). Give q(17).
-20
Let r(g) = 5*g**2 + 160*g - 11. Let m be 6/4 - (25996/536 + 5*-3). What is r(m)?
-11
Let p be 2 + 1 - (97 + -100)/(9/6). Let v(j) = 9*j - 51. Calculate v(p).
-6
Let f be (-2)/10 + 117/(-65). Let u = 44 - 76. Let k(c) = -c. Let w(v) = -12*v. Let i(a) = u*k(a) + 3*w(a). What is i(f)?
8
Let p(t) = -65*t - 1 + 5 + 61*t. Let k(u) = 8*u - 8. Let z be k(5). Suppose -11*y + z*y = -63. What is p(y)?
16
Let n(z) = -3*z. Let a(k) = -28*k + 1. Suppose -2*w + 6*g = 2*g + 4, 0 = -4*g. Let v(m) = w*a(m) + 18*n(m). Determine v(-6).
-14
Suppose 0 = -2*d + 3*o + 2, 2*d - 6 = 3*o + o. Let b(f) = -3 + 3 - 7 - 6*f. Let w(k) = -5*k - 6. Let q(c) = 3*b(c) - 4*w(c). Calculate q(d).
-7
Let m(w) = 11*w**2 + 7*w + 2. Let b(l) = -14*l**2 - 7*l - 2. Let f(c) = -4*b(c) - 5*m(c). Suppose -2*k = a - 9, 5*a + 6 = -2*k - 5. Give f(k).
-2
Let z be 32 + (-386)/12 + 278/12. Let n(l) = -l**3 + 23*l**2 + 2*l - 53. Calculate n(z).
-7
Let q = -1 - -29. Suppose -3*y + 58 = -2*c, 16*c - 12*c + 116 = -y. Let u = q + c. Let i(d) = -9*d**3 + d**2 + 2*d + 1. Calculate i(u).
9
Let r(w) = 6 + 0*w**2 + 2*w**2 - 3 + 2*w. Suppose -4*n + 212 = 5*l, -5*l + 27 = n - 26. Suppose -n*a - 144 = -5*a. Give r(a).
15
Let i(f) be the third derivative of f**5/5 + f**4/12